{"id":237,"date":"2023-10-15T12:59:03","date_gmt":"2023-10-15T17:59:03","guid":{"rendered":"https:\/\/186.154.142.124\/?page_id=237"},"modified":"2024-02-12T17:24:29","modified_gmt":"2024-02-12T22:24:29","slug":"productos-2","status":"publish","type":"page","link":"https:\/\/www.internet-solutions.com.co\/productos-2\/","title":{"rendered":"Productos"},"content":{"rendered":"<div data-colibri-id=\"237-c1\" class=\"style-826 style-local-237-c1 position-relative\">\n  <!---->\n  <div data-colibri-component=\"section\" data-colibri-id=\"237-c2\" id=\"about\" class=\"h-section h-section-global-spacing d-flex align-items-lg-center align-items-md-center align-items-center style-827 style-local-237-c2 position-relative\">\n    <!---->\n    <!---->\n    <div class=\"h-section-grid-container h-section-boxed-container\">\n      <!---->\n      <div data-colibri-id=\"237-c3\" class=\"h-row-container gutters-row-lg-2 gutters-row-md-2 gutters-row-2 gutters-row-v-lg-2 gutters-row-v-md-2 gutters-row-v-2 style-828 style-local-237-c3 position-relative\">\n        <!---->\n        <div class=\"h-row justify-content-lg-center justify-content-md-center justify-content-center align-items-lg-stretch align-items-md-stretch align-items-stretch gutters-col-lg-2 gutters-col-md-2 gutters-col-2 gutters-col-v-lg-2 gutters-col-v-md-2 gutters-col-v-2\">\n          <!---->\n          <div class=\"h-column h-column-container d-flex h-col-lg-auto h-col-md-auto h-col-auto style-829-outer style-local-237-c4-outer\">\n            <div data-colibri-id=\"237-c4\" class=\"d-flex h-flex-basis h-column__inner h-px-lg-2 h-px-md-2 h-px-2 v-inner-lg-2 v-inner-md-2 v-inner-2 style-829 style-local-237-c4 position-relative\">\n              <!---->\n              <!---->\n              <div class=\"w-100 h-y-container h-column__content h-column__v-align flex-basis-100 align-self-lg-center align-self-md-center align-self-center\">\n                <!---->\n                <div data-colibri-id=\"237-c5\" class=\"h-global-transition-all h-heading style-831 style-local-237-c5 position-relative h-element\">\n                  <!---->\n                  <div class=\"h-heading__outer style-831 style-local-237-c5\">\n                    <!---->\n                    <!---->\n                    <h2 class=\"\">Software de inform\u00e1tica forense<\/h2>\n                  <\/div>\n                <\/div>\n                <div data-colibri-id=\"237-c6\" class=\"h-lead h-text h-text-component style-832 style-local-237-c6 position-relative h-element\">\n                  <!---->\n                  <!---->\n                  <div class=\"\">\n                    <p>Contamos con una amplia cobertura de herramientas de software forense<\/p>\n                  <\/div>\n                <\/div>\n                <div data-colibri-id=\"237-c7\" class=\"h-x-container style-833 style-local-237-c7 position-relative h-element\">\n                  <!---->\n                  <div class=\"h-x-container-inner style-dynamic-237-c7-group style-833-spacing style-local-237-c7-spacing\"><span class=\"h-button__outer style-834-outer style-local-237-c8-outer d-inline-flex h-element\"><a h-use-smooth-scroll=\"true\" href=\"https:\/\/www.internet-solutions.com.co\/?page_id=251\"  data-colibri-id=\"237-c8\" class=\"d-flex w-100 align-items-center h-button justify-content-lg-center justify-content-md-center justify-content-center style-834 style-local-237-c8 position-relative\"><!----><!----> <span>Mas informaci\u00f3n<\/span><\/a>\n                    <\/span>\n                  <\/div>\n                <\/div>\n              <\/div>\n            <\/div>\n          <\/div>\n          <div class=\"h-column h-column-container d-flex h-col-lg-auto h-col-md-auto h-col-auto style-835-outer style-local-237-c9-outer\">\n            <div data-colibri-id=\"237-c9\" class=\"d-flex h-flex-basis h-column__inner h-ui-empty-state-container h-px-lg-2 h-px-md-2 h-px-2 v-inner-lg-2 v-inner-md-2 v-inner-2 style-835 style-local-237-c9 position-relative\">\n              <!---->\n              <!---->\n              <div class=\"w-100 h-y-container h-column__content h-column__v-align flex-basis-100\">\n                <!---->\n              <\/div>\n            <\/div>\n          <\/div>\n        <\/div>\n      <\/div>\n    <\/div>\n  <\/div>\n  <div data-colibri-component=\"section\" data-colibri-id=\"237-c11\" id=\"about-3\" class=\"h-section h-section-global-spacing d-flex align-items-lg-center align-items-md-center align-items-center style-847 style-local-237-c11 position-relative\">\n    <!---->\n    <!---->\n    <div class=\"h-section-grid-container h-section-boxed-container\">\n      <!---->\n      <div data-colibri-id=\"237-c12\" class=\"h-row-container gutters-row-lg-2 gutters-row-md-2 gutters-row-2 gutters-row-v-lg-2 gutters-row-v-md-2 gutters-row-v-2 style-848 style-local-237-c12 position-relative\">\n        <!---->\n        <div class=\"h-row justify-content-lg-center justify-content-md-center justify-content-center align-items-lg-stretch align-items-md-stretch align-items-stretch gutters-col-lg-2 gutters-col-md-2 gutters-col-2 gutters-col-v-lg-2 gutters-col-v-md-2 gutters-col-v-2\">\n          <!---->\n          <div class=\"h-column h-column-container d-flex h-col-lg-auto h-col-md-auto h-col-auto style-849-outer style-local-237-c13-outer\">\n            <div data-colibri-id=\"237-c13\" class=\"d-flex h-flex-basis h-column__inner h-px-lg-2 h-px-md-2 h-px-2 v-inner-lg-2 v-inner-md-2 v-inner-2 style-849 style-local-237-c13 position-relative\">\n              <!---->\n              <!---->\n              <div class=\"w-100 h-y-container h-column__content h-column__v-align flex-basis-100 align-self-lg-center align-self-md-center align-self-center\">\n                <!---->\n                <div data-colibri-id=\"237-c14\" class=\"h-global-transition-all h-heading style-851 style-local-237-c14 position-relative h-element\">\n                  <!---->\n                  <div class=\"h-heading__outer style-851 style-local-237-c14\">\n                    <!---->\n                    <!---->\n                    <h2 class=\"\">Hardware de c\u00f3mputo forense<\/h2>\n                  <\/div>\n                <\/div>\n                <div data-colibri-id=\"237-c15\" class=\"h-lead h-text h-text-component style-852 style-local-237-c15 position-relative h-element\">\n                  <!---->\n                  <!---->\n                  <div class=\"\">\n                    <p>Tenemos equipamiento de \u00faltima tecnolog\u00eda para el \u00e1mbito forense<\/p>\n                  <\/div>\n                <\/div>\n                <div data-colibri-id=\"237-c16\" class=\"h-x-container style-853 style-local-237-c16 position-relative h-element\">\n                  <!---->\n                  <div class=\"h-x-container-inner style-dynamic-237-c16-group style-853-spacing style-local-237-c16-spacing\"><span class=\"h-button__outer style-854-outer style-local-237-c17-outer d-inline-flex h-element\"><a h-use-smooth-scroll=\"true\" href=\"https:\/\/www.internet-solutions.com.co\/?page_id=252\"  data-colibri-id=\"237-c17\" class=\"d-flex w-100 align-items-center h-button justify-content-lg-center justify-content-md-center justify-content-center style-854 style-local-237-c17 position-relative\"><!----><!----> <span>Mas informaci\u00f3n<\/span><\/a>\n                    <\/span>\n                  <\/div>\n                <\/div>\n              <\/div>\n            <\/div>\n          <\/div>\n          <div class=\"h-column h-column-container d-flex h-col-lg-auto h-col-md-auto h-col-auto style-855-outer style-local-237-c18-outer\">\n            <div data-colibri-id=\"237-c18\" class=\"d-flex h-flex-basis h-column__inner h-px-lg-2 h-px-md-2 h-px-2 v-inner-lg-2 v-inner-md-2 v-inner-2 style-855 style-local-237-c18 position-relative\">\n              <!---->\n              <!---->\n              <div class=\"w-100 h-y-container h-column__content h-column__v-align flex-basis-100 align-self-lg-center align-self-md-center align-self-center\">\n                <!---->\n                <div data-colibri-id=\"237-c19\" class=\"d-block style-856 style-local-237-c19 position-relative h-element\">\n                  <!---->\n                  <div class=\"h-image__frame-container-outer\">\n                    <a href=\"https:\/\/www.internet-solutions.com.co\/?page_id=252\" h-use-smooth-scroll=\"true\" class=\"image-link\">\n                      <div class=\"h-image__frame-container\">\n                        <!---->\n                        <!---->\n                        <img fetchpriority=\"high\" decoding=\"async\" width=\"640\" height=\"429\" src=\"https:\/\/www.internet-solutions.com.co\/wp-content\/uploads\/2023\/10\/HW.jpg\" class=\"wp-image-733 style-856-image style-local-237-c19-image\" alt=\"\" \/>\n                        <div class=\"h-image__frame h-hide-lg h-hide-md h-hide-sm style-856-frameImage style-local-237-c19-frameImage\"><\/div>\n                      <\/div>\n                    <\/a>\n                  <\/div>\n                <\/div>\n              <\/div>\n            <\/div>\n          <\/div>\n        <\/div>\n      <\/div>\n    <\/div>\n  <\/div>\n  <div data-colibri-component=\"section\" data-colibri-id=\"237-c20\" id=\"about-2\" class=\"h-section h-section-global-spacing d-flex align-items-lg-center align-items-md-center align-items-center style-857 style-local-237-c20 position-relative\">\n    <!---->\n    <!---->\n    <div class=\"h-section-grid-container h-section-boxed-container\">\n      <!---->\n      <div data-colibri-id=\"237-c21\" class=\"h-row-container gutters-row-lg-2 gutters-row-md-2 gutters-row-2 gutters-row-v-lg-2 gutters-row-v-md-2 gutters-row-v-2 style-858 style-local-237-c21 position-relative\">\n        <!---->\n        <div class=\"h-row justify-content-lg-center justify-content-md-center justify-content-center align-items-lg-stretch align-items-md-stretch align-items-stretch gutters-col-lg-2 gutters-col-md-2 gutters-col-2 gutters-col-v-lg-2 gutters-col-v-md-2 gutters-col-v-2\">\n          <!---->\n          <div class=\"h-column h-column-container d-flex h-col-lg-auto h-col-md-auto h-col-auto style-859-outer style-local-237-c22-outer\">\n            <div data-colibri-id=\"237-c22\" class=\"d-flex h-flex-basis h-column__inner h-px-lg-2 h-px-md-2 h-px-2 v-inner-lg-2 v-inner-md-2 v-inner-2 style-859 style-local-237-c22 position-relative\">\n              <!---->\n              <!---->\n              <div class=\"w-100 h-y-container h-column__content h-column__v-align flex-basis-100 align-self-lg-center align-self-md-center align-self-center\">\n                <!---->\n                <div data-colibri-id=\"237-c23\" class=\"h-global-transition-all h-heading style-861 style-local-237-c23 position-relative h-element\">\n                  <!---->\n                  <div class=\"h-heading__outer style-861 style-local-237-c23\">\n                    <!---->\n                    <!---->\n                    <h2 class=\"\">Mas soluciones<\/h2>\n                  <\/div>\n                <\/div>\n                <div data-colibri-id=\"237-c24\" class=\"h-lead h-text h-text-component style-862 style-local-237-c24 position-relative h-element\">\n                  <!---->\n                  <!---->\n                  <div class=\"\">\n                    <p>Contamos con aliados tecnol\u00f3gicos en el suministro de herramientas forenses<\/p>\n                  <\/div>\n                <\/div>\n                <div data-colibri-id=\"237-c25\" class=\"h-x-container style-863 style-local-237-c25 position-relative h-element\">\n                  <!---->\n                  <div class=\"h-x-container-inner style-dynamic-237-c25-group style-863-spacing style-local-237-c25-spacing\"><span class=\"h-button__outer style-864-outer style-local-237-c26-outer d-inline-flex h-element\"><a h-use-smooth-scroll=\"true\" href=\"https:\/\/www.internet-solutions.com.co\/?page_id=254\"  data-colibri-id=\"237-c26\" class=\"d-flex w-100 align-items-center h-button justify-content-lg-center justify-content-md-center justify-content-center style-864 style-local-237-c26 position-relative\"><!----><!----> <span>Mas informaci\u00f3n<\/span><\/a>\n                    <\/span>\n                  <\/div>\n                <\/div>\n              <\/div>\n            <\/div>\n          <\/div>\n          <div class=\"h-column h-column-container d-flex h-col-lg-auto h-col-md-auto h-col-auto style-865-outer style-local-237-c27-outer\">\n            <div data-colibri-id=\"237-c27\" class=\"d-flex h-flex-basis h-column__inner h-px-lg-2 h-px-md-2 h-px-2 v-inner-lg-2 v-inner-md-2 v-inner-2 style-865 style-local-237-c27 position-relative\">\n              <!---->\n              <!---->\n              <div class=\"w-100 h-y-container h-column__content h-column__v-align flex-basis-100 align-self-lg-center align-self-md-center align-self-center\">\n                <!---->\n                <div data-colibri-id=\"237-c28\" class=\"d-block style-866 style-local-237-c28 position-relative h-element\">\n                  <!---->\n                  <div class=\"h-image__frame-container-outer\">\n                    <a href=\"https:\/\/www.internet-solutions.com.co\/?page_id=254\" h-use-smooth-scroll=\"true\" class=\"image-link\">\n                      <div class=\"h-image__frame-container\">\n                        <!---->\n                        <!---->\n                        <img decoding=\"async\" width=\"640\" height=\"427\" src=\"https:\/\/www.internet-solutions.com.co\/wp-content\/uploads\/2023\/10\/Codigo.jpg\" class=\"wp-image-734 style-866-image style-local-237-c28-image\" alt=\"\" \/>\n                        <div class=\"h-image__frame h-hide-lg h-hide-md h-hide-sm style-866-frameImage style-local-237-c28-frameImage\"><\/div>\n                      <\/div>\n                    <\/a>\n                  <\/div>\n                <\/div>\n              <\/div>\n            <\/div>\n          <\/div>\n        <\/div>\n      <\/div>\n    <\/div>\n  <\/div>\n<\/div>","protected":false},"excerpt":{"rendered":"<p>Software de inform\u00e1tica forense Contamos con una amplia cobertura de herramientas de software forense Mas informaci\u00f3n Hardware de c\u00f3mputo forense Tenemos equipamiento de \u00faltima tecnolog\u00eda para el \u00e1mbito forense Mas informaci\u00f3n Mas soluciones Contamos con aliados tecnol\u00f3gicos en el suministro de herramientas forenses Mas informaci\u00f3n<\/p>\n","protected":false},"author":1,"featured_media":0,"parent":0,"menu_order":0,"comment_status":"closed","ping_status":"closed","template":"page-templates\/full-width-page.php","meta":{"_joinchat":[],"footnotes":""},"class_list":["post-237","page","type-page","status-publish","hentry"],"_links":{"self":[{"href":"https:\/\/www.internet-solutions.com.co\/wp-json\/wp\/v2\/pages\/237","targetHints":{"allow":["GET"]}}],"collection":[{"href":"https:\/\/www.internet-solutions.com.co\/wp-json\/wp\/v2\/pages"}],"about":[{"href":"https:\/\/www.internet-solutions.com.co\/wp-json\/wp\/v2\/types\/page"}],"author":[{"embeddable":true,"href":"https:\/\/www.internet-solutions.com.co\/wp-json\/wp\/v2\/users\/1"}],"replies":[{"embeddable":true,"href":"https:\/\/www.internet-solutions.com.co\/wp-json\/wp\/v2\/comments?post=237"}],"version-history":[{"count":18,"href":"https:\/\/www.internet-solutions.com.co\/wp-json\/wp\/v2\/pages\/237\/revisions"}],"predecessor-version":[{"id":1774,"href":"https:\/\/www.internet-solutions.com.co\/wp-json\/wp\/v2\/pages\/237\/revisions\/1774"}],"wp:attachment":[{"href":"https:\/\/www.internet-solutions.com.co\/wp-json\/wp\/v2\/media?parent=237"}],"curies":[{"name":"wp","href":"https:\/\/api.w.org\/{rel}","templated":true}]}}