{"id":1074,"date":"2023-10-22T13:39:15","date_gmt":"2023-10-22T18:39:15","guid":{"rendered":"https:\/\/186.154.142.124\/?page_id=1074"},"modified":"2023-10-22T13:52:15","modified_gmt":"2023-10-22T18:52:15","slug":"consultoria-2","status":"publish","type":"page","link":"https:\/\/www.internet-solutions.com.co\/consultoria-2\/","title":{"rendered":"Consultoria"},"content":{"rendered":"<div data-colibri-id=\"1074-c1\" class=\"style-1308 style-local-1074-c1 position-relative\">\n  <!---->\n  <div data-colibri-component=\"section\" data-colibri-id=\"1074-c2\" id=\"about\" class=\"h-section h-section-global-spacing d-flex align-items-lg-center align-items-md-center align-items-center style-1309 style-local-1074-c2 position-relative\">\n    <!---->\n    <!---->\n    <div class=\"h-section-grid-container h-section-boxed-container\">\n      <!---->\n      <div data-colibri-id=\"1074-c3\" class=\"h-row-container gutters-row-lg-0 gutters-row-md-0 gutters-row-0 gutters-row-v-lg-0 gutters-row-v-md-0 gutters-row-v-0 style-1310 style-local-1074-c3 position-relative\">\n        <!---->\n        <div class=\"h-row justify-content-lg-center justify-content-md-center justify-content-center align-items-lg-stretch align-items-md-stretch align-items-stretch gutters-col-lg-0 gutters-col-md-0 gutters-col-0 gutters-col-v-lg-0 gutters-col-v-md-0 gutters-col-v-0\">\n          <!---->\n          <div class=\"h-column h-column-container d-flex h-col-lg-auto h-col-md-auto h-col-auto style-1311-outer style-local-1074-c4-outer\">\n            <div data-colibri-id=\"1074-c4\" class=\"d-flex h-flex-basis h-column__inner h-px-lg-0 h-px-md-0 h-px-0 v-inner-lg-0 v-inner-md-0 v-inner-0 style-1311 style-local-1074-c4 position-relative\">\n              <!---->\n              <!---->\n              <div class=\"w-100 h-y-container h-column__content h-column__v-align flex-basis-100 align-self-lg-start align-self-md-start align-self-start\">\n                <!---->\n                <div data-colibri-id=\"1074-c6\" class=\"h-global-transition-all h-heading style-1313 style-local-1074-c6 position-relative h-element\">\n                  <!---->\n                  <div class=\"h-heading__outer style-1313 style-local-1074-c6\">\n                    <!---->\n                    <!---->\n                    <h2 class=\"\">Consultoria<\/h2>\n                  <\/div>\n                <\/div>\n                <div data-colibri-id=\"1074-c7\" class=\"h-text h-text-component style-1314 style-local-1074-c7 position-relative h-element\">\n                  <!---->\n                  <!---->\n                  <div class=\"\">\n                    <p>Actualmente la seguridad inform\u00e1tica ha adquirido gran auge, dadas las cambiantes condiciones y nuevas plataformas de computaci\u00f3n disponibles, situaci\u00f3n que desemboca en la aparici\u00f3n de nuevas amenazas en los sistemas inform\u00e1ticos.<\/p>\n                    <p>En vista de estas nuevas necesidades, Internet Solutions S.A.S. pone a disposici\u00f3n de sus clientes su expertise en el \u00e1rea, ofreciendo diversos servicios para cubrir las necesidades actuales en este campo y de esta forma poder garantizar\n                      los 5 pilares de la seguridad de la informaci\u00f3n: Integridad, Confidencialidad, Disponibilidad, Autenticaci\u00f3n y No repudio.<\/p>\n                    <p>Internet Solutions S.A.S, pone a disposici\u00f3n del sector privado y gobierno, su amplia experiencia en el dise\u00f1o, desarrollo e implementaci\u00f3n de laboratorios de inform\u00e1tica forense.<\/p>\n                    <p>\n                      <br>\n                    <\/p>\n                  <\/div>\n                <\/div>\n              <\/div>\n            <\/div>\n          <\/div>\n          <div class=\"h-column h-column-container d-flex h-col-lg-auto h-col-md-auto h-col-auto style-1315-outer style-local-1074-c8-outer\">\n            <div data-colibri-id=\"1074-c8\" class=\"d-flex h-flex-basis h-column__inner h-ui-empty-state-container h-px-lg-2 h-px-md-2 h-px-2 v-inner-lg-2 v-inner-md-2 v-inner-2 style-1315 style-local-1074-c8 position-relative\">\n              <!---->\n              <!---->\n              <div class=\"w-100 h-y-container h-column__content h-column__v-align flex-basis-100\">\n                <!---->\n              <\/div>\n            <\/div>\n          <\/div>\n        <\/div>\n      <\/div>\n    <\/div>\n  <\/div>\n<\/div>","protected":false},"excerpt":{"rendered":"<p>Consultoria Actualmente la seguridad inform\u00e1tica ha adquirido gran auge, dadas las cambiantes condiciones y nuevas plataformas de computaci\u00f3n disponibles, situaci\u00f3n que desemboca en la aparici\u00f3n de nuevas amenazas en los sistemas inform\u00e1ticos. En vista de estas nuevas necesidades, Internet Solutions S.A.S. pone a disposici\u00f3n de sus clientes su expertise en el \u00e1rea, ofreciendo diversos servicios [&hellip;]<\/p>\n","protected":false},"author":1,"featured_media":0,"parent":0,"menu_order":0,"comment_status":"closed","ping_status":"closed","template":"page-templates\/full-width-page.php","meta":{"_joinchat":[],"footnotes":""},"class_list":["post-1074","page","type-page","status-publish","hentry"],"_links":{"self":[{"href":"https:\/\/www.internet-solutions.com.co\/wp-json\/wp\/v2\/pages\/1074","targetHints":{"allow":["GET"]}}],"collection":[{"href":"https:\/\/www.internet-solutions.com.co\/wp-json\/wp\/v2\/pages"}],"about":[{"href":"https:\/\/www.internet-solutions.com.co\/wp-json\/wp\/v2\/types\/page"}],"author":[{"embeddable":true,"href":"https:\/\/www.internet-solutions.com.co\/wp-json\/wp\/v2\/users\/1"}],"replies":[{"embeddable":true,"href":"https:\/\/www.internet-solutions.com.co\/wp-json\/wp\/v2\/comments?post=1074"}],"version-history":[{"count":2,"href":"https:\/\/www.internet-solutions.com.co\/wp-json\/wp\/v2\/pages\/1074\/revisions"}],"predecessor-version":[{"id":1097,"href":"https:\/\/www.internet-solutions.com.co\/wp-json\/wp\/v2\/pages\/1074\/revisions\/1097"}],"wp:attachment":[{"href":"https:\/\/www.internet-solutions.com.co\/wp-json\/wp\/v2\/media?parent=1074"}],"curies":[{"name":"wp","href":"https:\/\/api.w.org\/{rel}","templated":true}]}}